 the hundreds digit of f?
1
Let r = -1129 + 3133. What is the hundreds digit of r?
0
Let c(m) = 10*m**3 - 7*m**2 + 23*m + 13. What is the units digit of c(4)?
3
Suppose 4 = 2*m - 3*s - 7, 0 = -2*m - 2*s - 4. Let o be (-2)/((-2 + 1)/m). Suppose 0 = o*g - 4*g + 34. What is the tens digit of g?
1
Let a be -1*(-8 - -6) + (-16)/1. What is the hundreds digit of ((-8)/6)/2*2415/a?
1
Suppose -6 - 2 = 2*h. What is the tens digit of 30 + 2 + h + -2?
2
Suppose a - 4*m = 347, 5*m + 81 + 946 = 3*a. What is the tens digit of a?
3
Let f = 193 + -133. What is the units digit of f?
0
Let q(w) = 6*w - 36. Let g be q(13). Suppose -2*k = -4*u + g, 2*u - 47 = -2*u + 3*k. What is the units digit of u?
8
Let v be ((-8)/6)/(2/(-24)). Let p = 145 + -125. What is the units digit of v/5*p/8?
8
Suppose 2*y = 6, -8*c + 5*c + 3*y + 1461 = 0. What is the tens digit of c?
9
Suppose 3*g - 8 = 4. Suppose r - g*r = -9. Suppose -r*v = -0*v + 5*m - 35, 5*v - 2*m = 17. What is the units digit of v?
5
Suppose -51*l + 73*l - 36630 = 0. What is the tens digit of l?
6
Let l(z) = -z**2 + 6*z - 3. Let j be l(5). Suppose 0 = -i - 2*i - 3*v + 189, j*i - 3*v - 141 = 0. What is the tens digit of i?
6
Suppose 4*r = -c + 17, -2*r - 3*r - c + 20 = 0. Suppose -r*n + 127 = 2*p, n - 4*n - 4*p + 125 = 0. What is the tens digit of n?
4
Suppose -10525 = -38*a + 33*a. What is the thousands digit of a?
2
Suppose -4*w - 2*i + 8 = -4, 5*w + 3*i = 16. Let x(f) be the first derivative of 7*f**2/2 + 1. What is the units digit of x(w)?
4
Suppose -2*f + 3*q = 8*q - 233, -4*f = -q - 521. What is the units digit of f?
9
Let b(s) = 766*s**2 - 10*s - 11. What is the units digit of b(-1)?
5
Let g(i) = i**3 + i**2 + 40*i - 130. What is the thousands digit of g(15)?
4
Let z(p) = -11*p + 17. Let x(q) = -q**2 + q - 1. Let j(w) = -2*x(w) + z(w). What is the units digit of j(8)?
3
Let q be (-72)/(-90)*(-5)/(-2). What is the tens digit of 1 + -4 - -4 - (-248)/q?
2
Suppose 15*n - 1520 = 11*n. What is the tens digit of n?
8
Suppose -t + 3*y = 64, 2*t - 5*t = 5*y + 220. Let h be (t/20)/((-2)/4). Suppose -87 = 4*z - h*z. What is the units digit of z?
9
Let q = 540 - -559. What is the hundreds digit of q?
0
Let l = -11 + 18. Suppose -2*r - 1 = -l. Suppose -2*t + r*t = 11. What is the units digit of t?
1
Suppose -4*x = 3*x - 287. Let d = x - 10. What is the tens digit of d?
3
Suppose -7*m + 270 = 249. Suppose 5*y - 16 = -4*k, 4*k + 8 = 5*y - 16. Suppose -m*l = -0*l - s - 49, 2*l = -y*s + 42. What is the tens digit of l?
1
Let y = -10 - -23. Suppose -y = -f + 2*o, -6*o + o + 5 = 0. What is the tens digit of 1263/15 - 3/f?
8
Let m be 242/44 - (-2)/(-4). Suppose -240 = -i + h, -m*i + 8*i = -h + 732. What is the units digit of i?
3
Suppose -4*s + 30 = -s - 2*i, 4*s = 5*i + 47. Suppose -7*x = -s*x + 1. What is the units digit of x?
1
Suppose 3*x + 30 - 69 = 0. Let m = x - 16. Let f(z) = z**3 + 7*z**2 + z - 2. What is the units digit of f(m)?
1
Suppose -8*h + 448 = -1640. What is the tens digit of h?
6
Suppose 3*p - 2*p = -20. Let z(s) = -23*s**2 + s + 1. Let u be z(-1). Let c = p - u. What is the units digit of c?
3
Let z(s) = -38*s - 2. Let x(y) = 38*y + 2. Let q(n) = -2*x(n) - 3*z(n). Let u be q(-1). Let b = u + 52. What is the tens digit of b?
1
Suppose z = -0*z - 19. Let k = 11 - z. What is the tens digit of k?
3
Let m = 152 + -148. Suppose 5*q - 841 = 2*p, 2*q + q + m*p = 515. What is the hundreds digit of q?
1
Let s be (-13)/(-4) - 2/8. Suppose -s = -5*z - 28. Let b = z - -13. What is the units digit of b?
8
Suppose 0 = 3*l + 2*l. Suppose t - 2*t = l. What is the tens digit of (t + -2)*(-33)/6?
1
Let d(p) = -p**3 - 7*p**2 - 6*p - 8. Let c be d(-6). Let q be 26/c*-12*1. Let y = 68 - q. What is the units digit of y?
9
Let m(p) = 17*p**2 - 2*p - 1. Let u(l) = l**3 + 4*l**2 + l + 6. Let a be u(-4). What is the tens digit of m(a)?
6
Let n = 958 + -550. What is the tens digit of n?
0
Suppose 6*q = -7*q + 4*q. Let k = -273 - -472. Suppose 5*f + n + q*n = k, 3*f - 2*n - 109 = 0. What is the units digit of f?
9
Let r = -43 - -51. Suppose 1837 = r*y + 237. What is the units digit of y?
0
Let n = -70 - -354. What is the units digit of n?
4
Let r be 2*17 + (-12)/3. Suppose -4*w + 3*a - 12 = -2*w, 3*a = -5*w - r. What is the units digit of -3 - w - (-15 - 0)?
8
Let p be 4/(-1) + 252/6. Let v = -21 + p. Suppose -5*i + 4*i + v = 0. What is the tens digit of i?
1
Let z be -92*((-1)/(-2) - 1). Suppose 122 = 3*r + 4*v, -z = -r - 7*v + 3*v. What is the tens digit of r?
3
Let x be (-50)/(-8) + (-6 - (-115)/20). Suppose 0 = -4*c + x*c - 408. What is the tens digit of c?
0
Suppose w = -0*w + 607. Suppose -w - 279 = -5*j - 3*s, -j + s + 182 = 0. What is the units digit of j?
9
Let h be -9 - -8 - (-18)/(-2). Let w be 23894/65 + (-4)/h. Suppose -5*o - 118 + w = 0. What is the tens digit of o?
5
Suppose 632 = -3*c + 5*n - 14, -2*n = -2*c - 432. Let l be (-3)/6 + c/(-14). Suppose l*v - 11*v = 248. What is the tens digit of v?
6
Suppose 65614 = 31*u - 32718. What is the units digit of u?
2
Suppose -9*n + 870 = -7*n. Suppose -2*f = f - n. Suppose -4*g = v - f, 3*g - 96 = -2*v + 14. What is the tens digit of g?
3
Suppose 6*j + 3*a = j + 2065, -5*j - 4*a = -2060. What is the hundreds digit of j?
4
Suppose 7*b - 4*b + 3 = 0, -c = b - 501. Suppose c = 2*u + 4*o, -1280 = -5*u + 3*o - 8*o. What is the units digit of u?
1
Suppose 0*z - 433 = -y + z, 5*y = -z + 2183. What is the hundreds digit of y?
4
Let p(c) = 2*c**2 - 2. Let k be p(3). Let i(o) = 15*o + 2 - k*o - 14. What is the units digit of i(-15)?
3
Suppose -5 + 7 = v. Let j = 1 + v. Suppose -r + 118 = 4*r - b, -2*b - 68 = -j*r. What is the tens digit of r?
2
Suppose 17 = 5*z + b, -3*z + 2 + 4 = 2*b. Suppose 5*c - 5 = 0, c + 180 = z*q + 5*c. What is the units digit of q?
4
Suppose 5*d = 2*x - 159, 0 = 3*x + 3*d - 92 - 115. Suppose k + 3*k = x. Suppose -k*p + 21*p = 240. What is the tens digit of p?
8
Let s be (-1 + 3/3)/(6 - 5). Suppose -3*w + 5 + s = -b, b = -w + 7. What is the units digit of w?
3
Let m(g) be the second derivative of -g**4/12 - 5*g**3/2 + 2*g**2 - 3*g. Let a be m(-11). Suppose -4*h + a = -2*h. What is the units digit of h?
4
What is the units digit of (495/(-12)*-7)/((-1)/(-4))?
5
Suppose 0 = -3*x + 5*b + 48, 16 = 3*x - b - 32. What is the tens digit of x?
1
Suppose -5*q - 4*u = 185, 2*u = 3*q - u + 84. Let f = q - -85. Suppose f - 339 = -7*r. What is the units digit of r?
1
Suppose 12*o + 4853 = 24065. What is the units digit of o?
1
Let a = 1284 + -767. What is the units digit of a?
7
Suppose -21 = -5*l + 4. Suppose -2*g + 5 - 31 = l*j, 3*g + 17 = -2*j. Let c(y) = 2*y**2 + 2*y. What is the units digit of c(g)?
2
Let g(a) be the first derivative of -a**5/60 - 7*a**4/24 + 2*a**3/3 + a**2 + 3. Let u(v) be the second derivative of g(v). What is the tens digit of u(-6)?
1
Let l(w) = w**2 + 13*w + 10. Let s be l(-13). Let x(f) = 7*f - 9. What is the units digit of x(s)?
1
Suppose -2*d - 1153 = -9781. What is the tens digit of d?
1
Let v be (-2)/(-9) + (-8)/36. Suppose 43 = s - v*s. What is the units digit of s?
3
Let s = -687 + 1454. What is the hundreds digit of s?
7
Let l = -327 + 504. What is the units digit of l?
7
Let g be (-8)/20 - 13/5. Let f = -1 - g. Let w(m) = 5*m**2 - 2*m. What is the tens digit of w(f)?
1
Let g(f) = f**3 + 5*f**2 + 3*f + 5. Let l be g(-4). Let n = -10 + l. Let k(h) = 18*h**2 - 1. What is the tens digit of k(n)?
1
Suppose -73*c + 19166 + 40110 = 0. What is the units digit of c?
2
Let n = 12 - 12. Suppose 2*s + c = 33, 14 = -n*s + s + 3*c. Let p = -10 + s. What is the units digit of p?
7
Let y(q) = 2*q**2 + 47*q + 463. What is the tens digit of y(-47)?
7
Let q = 2 + -4. Let o(i) = -4*i - 18. Let d be o(-5). What is the units digit of (q/d)/((-2)/10)?
5
Suppose 0 = 63*x - 74*x + 5225. What is the tens digit of x?
7
Let j(q) = q**2 - 19*q - 53. What is the units digit of j(53)?
9
Suppose 0 = m + 8*g - 7*g - 474, m = -5*g + 458. What is the units digit of m?
8
Suppose 6 - 4 = p. Suppose u - 10 = -p. What is the units digit of (-20)/80 + 58/u?
7
Suppose 0 = -4*i + 9*i + 2*a - 2775, -5*a = -2*i + 1081. What is the units digit of i?
3
Suppose -5*t - 3*f + 9750 = 0, -5*t = 5*f - 3*f - 9750. What is the hundreds digit of t?
9
Let g(k) = -2*k - 10. Let v be g(-6). Sup